{"id":2412,"date":"2019-03-29T11:07:31","date_gmt":"2019-03-29T18:07:31","guid":{"rendered":"http:\/\/cwinsystems.com\/inicio\/?page_id=2412"},"modified":"2024-06-19T17:16:27","modified_gmt":"2024-06-20T00:16:27","slug":"comprar-dispro","status":"publish","type":"page","link":"https:\/\/cwinsystems.com\/inicio\/dispro\/comprar-dispro\/","title":{"rendered":"DisPRO Ordenar"},"content":{"rendered":"<div data-contents=\"true\">\n<div class=\"\" data-block=\"true\" data-editor=\"4gd0j\" data-offset-key=\"7a1j2-0-0\"><div class=\"spacer\"><\/div><!-- .spacer (end) --><\/div>\n<div class=\"\" data-block=\"true\" data-editor=\"4gd0j\" data-offset-key=\"db6q-0-0\">\n<p data-offset-key=\"db6q-0-0\"><div class=\"row \">\n<h2 id='adquirir-dispro'  id=\"boomdevs_1\" class=\"_1mf _1mj\" data-offset-key=\"db6q-0-0\">Adquirir DisPRO<\/h2>\n<p data-offset-key=\"db6q-0-0\">Si usted desea hacer un cambio responsable en su negocio, le recomendamos atender las siguientes observaciones.<\/p>\n<p data-offset-key=\"db6q-0-0\"><\/div><!-- .row (end) -->\n<div data-offset-key=\"db6q-0-0\">\u00a0<\/div>\n<\/div>\n<div data-offset-key=\"db6q-0-0\">Para poder asistirlo con la adquisici\u00f3n del Producto, es necesario realizar un an\u00e1lisis de sus necesidades y de esta forma recomendarle:<\/div>\n<div data-offset-key=\"db6q-0-0\">\u00a0<\/div>\n<ul>\n<li data-offset-key=\"db6q-0-0\">La <strong>Edici\u00f3n<\/strong> adecuada para su negocio<\/li>\n<li data-offset-key=\"db6q-0-0\">La Cantidad de <strong>Usuarios<\/strong> que requerir\u00e1<\/li>\n<li data-offset-key=\"db6q-0-0\">Las horas de <strong>Capacitaci\u00f3n<\/strong> que requiere para su Personal\n<ul>\n<li style=\"list-style-type: none\">\n<ul>\n<li data-offset-key=\"db6q-0-0\">Contamos con <a href=\"https:\/\/cwinsystems.com\/inicio\/distribuidores\/\">Personal para capacitaci\u00f3n<\/a><\/li>\n<li data-offset-key=\"db6q-0-0\">Contamos con <a href=\"mailto:soporte@cwinsystems.com\">Ayuda por Correo Electr\u00f3nico<\/a><\/li>\n<li data-offset-key=\"db6q-0-0\">Contamos con <a href=\"https:\/\/cwinsystems.com\/dispro\/HTML\/\">Manual Electr\u00f3nico<\/a><\/li>\n<li data-offset-key=\"db6q-0-0\">Contamos con<a href=\"https:\/\/cwinsystems.com\/inicio\/video-manual-dispro\/\"> Video Manuales<\/a><\/li>\n<\/ul>\n<\/li>\n<\/ul>\n<\/li>\n<li data-offset-key=\"db6q-0-0\">La forma en que requiere la <strong>Implementaci\u00f3n<\/strong> del sistema.\n<ul>\n<li data-offset-key=\"db6q-0-0\">Cambio Directo<\/li>\n<li data-offset-key=\"db6q-0-0\">Operaci\u00f3n paralela<\/li>\n<li data-offset-key=\"db6q-0-0\">Operaci\u00f3n piloto<\/li>\n<li data-offset-key=\"db6q-0-0\">Cambio por Fases<\/li>\n<\/ul>\n<\/li>\n<\/ul>\n<p style=\"padding-left: 80px;\"><a href=\"https:\/\/cwinsystems.com\/dispro\/Implementacion_DisPRO.pdf\">Clic aqu\u00ed<\/a> para mayor informaci\u00f3n<\/p>\n<div class=\"\" data-block=\"true\" data-editor=\"4gd0j\" data-offset-key=\"db6q-0-0\">\n<div data-offset-key=\"db6q-0-0\">\u00a0<\/div>\n<\/div>\n<\/div>\n<div data-offset-key=\"db6q-0-0\">Si desea atenci\u00f3n personalizada contacte a uno de nuestros Distribuidores para ser atendido a la brevedad, <a href=\"https:\/\/cwinsystems.com\/inicio\/distribuidores\/\">Clic aqu\u00ed<\/a><\/div>\n<div data-offset-key=\"db6q-0-0\">\u00a0<\/div>\n<div data-offset-key=\"db6q-0-0\">Si desea ponerse en contacto con el departamento de soporte <a href=\"https:\/\/cwinsystems.com\/inicio\/contacts\/\">Clic aqu\u00ed<\/a><\/div>\n\n\n<p><\/p>\n","protected":false},"excerpt":{"rendered":"<p>\u00a0 Para poder asistirlo con la adquisici\u00f3n del Producto, es necesario realizar un an\u00e1lisis de sus necesidades y de esta forma recomendarle: \u00a0 La Edici\u00f3n adecuada para su negocio La Cantidad de Usuarios que requerir\u00e1 Las horas de Capacitaci\u00f3n que requiere para su Personal Contamos con Personal para capacitaci\u00f3n Contamos con Ayuda por Correo Electr\u00f3nico Contamos con Manual Electr\u00f3nico Contamos&nbsp;<a href=\"https:\/\/cwinsystems.com\/inicio\/dispro\/comprar-dispro\/\" class=\"read-more\">Continue Reading<\/a><\/p>\n","protected":false},"author":1,"featured_media":0,"parent":2088,"menu_order":0,"comment_status":"closed","ping_status":"closed","template":"page-home.php","meta":{"footnotes":""},"class_list":["post-2412","page","type-page","status-publish","hentry"],"_links":{"self":[{"href":"https:\/\/cwinsystems.com\/inicio\/wp-json\/wp\/v2\/pages\/2412","targetHints":{"allow":["GET"]}}],"collection":[{"href":"https:\/\/cwinsystems.com\/inicio\/wp-json\/wp\/v2\/pages"}],"about":[{"href":"https:\/\/cwinsystems.com\/inicio\/wp-json\/wp\/v2\/types\/page"}],"author":[{"embeddable":true,"href":"https:\/\/cwinsystems.com\/inicio\/wp-json\/wp\/v2\/users\/1"}],"replies":[{"embeddable":true,"href":"https:\/\/cwinsystems.com\/inicio\/wp-json\/wp\/v2\/comments?post=2412"}],"version-history":[{"count":16,"href":"https:\/\/cwinsystems.com\/inicio\/wp-json\/wp\/v2\/pages\/2412\/revisions"}],"predecessor-version":[{"id":4921,"href":"https:\/\/cwinsystems.com\/inicio\/wp-json\/wp\/v2\/pages\/2412\/revisions\/4921"}],"up":[{"embeddable":true,"href":"https:\/\/cwinsystems.com\/inicio\/wp-json\/wp\/v2\/pages\/2088"}],"wp:attachment":[{"href":"https:\/\/cwinsystems.com\/inicio\/wp-json\/wp\/v2\/media?parent=2412"}],"curies":[{"name":"wp","href":"https:\/\/api.w.org\/{rel}","templated":true}]}}