{"id":2603,"date":"2019-06-04T19:41:05","date_gmt":"2019-06-05T02:41:05","guid":{"rendered":"http:\/\/cwinsystems.com\/inicio\/?page_id=2603"},"modified":"2019-10-18T13:46:41","modified_gmt":"2019-10-18T20:46:41","slug":"timbrado","status":"publish","type":"page","link":"https:\/\/cwinsystems.com\/inicio\/timbrado\/","title":{"rendered":"Timbrado"},"content":{"rendered":"<p>\u00a0<\/p>\n<div class=\"hashAncor\" id=\"detailPage\"><\/div>\n<p>\u00a0<\/p>\n<div class=\"title-box clearfix \"><h2 class=\"title-box_primary\">Paquete de Timbres<\/h2><\/div><!-- \/\/.title-box -->\n<p>\u00a0<\/p>\n<div class=\"span12 \"><img loading=\"lazy\" decoding=\"async\" class=\"size-full wp-image-2607 aligncenter\" src=\"https:\/\/cwinsystems.com\/inicio\/wp-content\/uploads\/2019\/06\/PACLogo.png\" alt=\"\" width=\"100\" height=\"141\" \/><\/p><\/div>\n<div class=\"span12 \"><div class=\"row \">\n<div class=\"span2 \"><\/div><div class=\"span8 tofade\"><p style=\"text-align: center;\">Los paquetes de Timbres son asignados para un RFC \u00fanicamente, es decir un paquete por RFC, y son compatibles en todos nuestros productos.<\/p><\/div><\/div> <!-- .row (end) -->\n<div class=\"pt-content-loader ptcl-crpt-plaid\">\n                                <div class=\"crpt-plaid crpt-plaid-ced139c pt-animation-2\">\n    <div class=\"pt-cols pt-cols-5\">\n        <div class=\"pt-cols-side\">\n            <div class=\"pt-list-block\">\n                                    <div class=\"pt-list-item\">\n                        IVA Incluido                    <\/div>\n                                    <div class=\"pt-list-item\">\n                        Cancelaci\u00f3n                    <\/div>\n                                    <div class=\"pt-list-item\">\n                        Vigencia                    <\/div>\n                                    <div class=\"pt-list-item\">\n                        Soporte                    <\/div>\n                                    <div class=\"pt-list-item\">\n                        Precio Unitario                    <\/div>\n                                    <div class=\"pt-list-item\">\n                        Total                    <\/div>\n                            <\/div>\n        <\/div>\n        <div class=\"pt-cols-main\">\n                            <div class=\"pt-col\">\n                    <div class=\"pt-block\">\n                                                    <div class=\"pt-header\">\n                                <div class=\"pt-back\"><\/div>\n                                                                    <div class=\"pt-title\">Paquete<\/div>\n                                                                                                    <div class=\"pt-price\">\n                                        100                                    <\/div>\n                                                            <\/div>\n                                                <div class=\"pt-list\">\n                                                            <div class=\"pt-list-item\">\n                                    <div class=\"pt-text\">\n                                        IVA Incluido                                    <\/div>\n                                    <div class=\"pt-value\">\n                                        <i class=\"fa fa-check\"><\/i>                                    <\/div>\n                                <\/div>\n                                                            <div class=\"pt-list-item\">\n                                    <div class=\"pt-text\">\n                                        Cancelaci\u00f3n                                    <\/div>\n                                    <div class=\"pt-value\">\n                                        Sin Costo                                    <\/div>\n                                <\/div>\n                                                            <div class=\"pt-list-item\">\n                                    <div class=\"pt-text\">\n                                        Vigencia                                    <\/div>\n                                    <div class=\"pt-value\">\n                                        1 a\u00f1o                                    <\/div>\n                                <\/div>\n                                                            <div class=\"pt-list-item\">\n                                    <div class=\"pt-text\">\n                                        Soporte                                    <\/div>\n                                    <div class=\"pt-value\">\n                                        24\/7                                    <\/div>\n                                <\/div>\n                                                            <div class=\"pt-list-item\">\n                                    <div class=\"pt-text\">\n                                        Precio Unitario                                    <\/div>\n                                    <div class=\"pt-value\">\n                                        2.5                                    <\/div>\n                                <\/div>\n                                                            <div class=\"pt-list-item\">\n                                    <div class=\"pt-text\">\n                                        Total                                    <\/div>\n                                    <div class=\"pt-value\">\n                                        $ <b>290.00<\/b>                                    <\/div>\n                                <\/div>\n                                                    <\/div>\n                        <div class=\"pt-footer\">\n                                                            <a href=\"\" class=\"pt-btn\"><a href=\"#DatosDeBanco\">Transferencia<\/a><\/a>\n                                                    <\/div>\n                    <\/div>\n                <\/div>\n                            <div class=\"pt-col\">\n                    <div class=\"pt-block\">\n                                                    <div class=\"pt-header\">\n                                <div class=\"pt-back\"><\/div>\n                                                                    <div class=\"pt-title\">Paquete<\/div>\n                                                                                                    <div class=\"pt-price\">\n                                        500                                    <\/div>\n                                                            <\/div>\n                                                <div class=\"pt-list\">\n                                                            <div class=\"pt-list-item\">\n                                    <div class=\"pt-text\">\n                                        IVA Incluido                                    <\/div>\n                                    <div class=\"pt-value\">\n                                        <i class=\"fa fa-check\"><\/i>                                    <\/div>\n                                <\/div>\n                                                            <div class=\"pt-list-item\">\n                                    <div class=\"pt-text\">\n                                        Cancelaci\u00f3n                                    <\/div>\n                                    <div class=\"pt-value\">\n                                        Sin Costo                                    <\/div>\n                                <\/div>\n                                                            <div class=\"pt-list-item\">\n                                    <div class=\"pt-text\">\n                                        Vigencia                                    <\/div>\n                                    <div class=\"pt-value\">\n                                        1 a\u00f1o                                    <\/div>\n                                <\/div>\n                                                            <div class=\"pt-list-item\">\n                                    <div class=\"pt-text\">\n                                        Soporte                                    <\/div>\n                                    <div class=\"pt-value\">\n                                        24\/7                                    <\/div>\n                                <\/div>\n                                                            <div class=\"pt-list-item\">\n                                    <div class=\"pt-text\">\n                                        Precio Unitario                                    <\/div>\n                                    <div class=\"pt-value\">\n                                        1.9                                    <\/div>\n                                <\/div>\n                                                            <div class=\"pt-list-item\">\n                                    <div class=\"pt-text\">\n                                        Total                                    <\/div>\n                                    <div class=\"pt-value\">\n                                        $ <b>1,102.00<\/b>                                    <\/div>\n                                <\/div>\n                                                    <\/div>\n                        <div class=\"pt-footer\">\n                                                            <a href=\"\" class=\"pt-btn\"><a href=\"#DatosDeBanco\">Transferencia<\/a><\/a>\n                                                    <\/div>\n                    <\/div>\n                <\/div>\n                            <div class=\"pt-col\">\n                    <div class=\"pt-block pt-selected\">\n                                                    <div class=\"pt-header\">\n                                <div class=\"pt-back\"><\/div>\n                                                                    <div class=\"pt-title\">Paquete<\/div>\n                                                                                                    <div class=\"pt-price\">\n                                        1000                                    <\/div>\n                                                            <\/div>\n                                                <div class=\"pt-list\">\n                                                            <div class=\"pt-list-item\">\n                                    <div class=\"pt-text\">\n                                        IVA Incluido                                    <\/div>\n                                    <div class=\"pt-value\">\n                                        <i class=\"fa fa-check\"><\/i>                                    <\/div>\n                                <\/div>\n                                                            <div class=\"pt-list-item\">\n                                    <div class=\"pt-text\">\n                                        Cancelaci\u00f3n                                    <\/div>\n                                    <div class=\"pt-value\">\n                                        Sin Costo                                    <\/div>\n                                <\/div>\n                                                            <div class=\"pt-list-item\">\n                                    <div class=\"pt-text\">\n                                        Vigencia                                    <\/div>\n                                    <div class=\"pt-value\">\n                                        1 a\u00f1o                                    <\/div>\n                                <\/div>\n                                                            <div class=\"pt-list-item\">\n                                    <div class=\"pt-text\">\n                                        Soporte                                    <\/div>\n                                    <div class=\"pt-value\">\n                                        24\/7                                    <\/div>\n                                <\/div>\n                                                            <div class=\"pt-list-item\">\n                                    <div class=\"pt-text\">\n                                        Precio Unitario                                    <\/div>\n                                    <div class=\"pt-value\">\n                                        1.5                                    <\/div>\n                                <\/div>\n                                                            <div class=\"pt-list-item\">\n                                    <div class=\"pt-text\">\n                                        Total                                    <\/div>\n                                    <div class=\"pt-value\">\n                                        $ <b>1,740.00<\/b>                                    <\/div>\n                                <\/div>\n                                                    <\/div>\n                        <div class=\"pt-footer\">\n                                                            <a href=\"\" class=\"pt-btn\"><a href=\"#DatosDeBanco\">Transferencia<\/a><\/a>\n                                                    <\/div>\n                    <\/div>\n                <\/div>\n                            <div class=\"pt-col\">\n                    <div class=\"pt-block\">\n                                                    <div class=\"pt-header\">\n                                <div class=\"pt-back\"><\/div>\n                                                                    <div class=\"pt-title\">Paquete<\/div>\n                                                                                                    <div class=\"pt-price\">\n                                        5000                                    <\/div>\n                                                            <\/div>\n                                                <div class=\"pt-list\">\n                                                            <div class=\"pt-list-item\">\n                                    <div class=\"pt-text\">\n                                        IVA Incluido                                    <\/div>\n                                    <div class=\"pt-value\">\n                                        <i class=\"fa fa-check\"><\/i>                                    <\/div>\n                                <\/div>\n                                                            <div class=\"pt-list-item\">\n                                    <div class=\"pt-text\">\n                                        Cancelaci\u00f3n                                    <\/div>\n                                    <div class=\"pt-value\">\n                                        Sin Costo                                    <\/div>\n                                <\/div>\n                                                            <div class=\"pt-list-item\">\n                                    <div class=\"pt-text\">\n                                        Vigencia                                    <\/div>\n                                    <div class=\"pt-value\">\n                                        1 a\u00f1o                                    <\/div>\n                                <\/div>\n                                                            <div class=\"pt-list-item\">\n                                    <div class=\"pt-text\">\n                                        Soporte                                    <\/div>\n                                    <div class=\"pt-value\">\n                                        24\/7                                    <\/div>\n                                <\/div>\n                                                            <div class=\"pt-list-item\">\n                                    <div class=\"pt-text\">\n                                        Precio Unitario                                    <\/div>\n                                    <div class=\"pt-value\">\n                                        1.1                                    <\/div>\n                                <\/div>\n                                                            <div class=\"pt-list-item\">\n                                    <div class=\"pt-text\">\n                                        Total                                    <\/div>\n                                    <div class=\"pt-value\">\n                                        $ <b>6,380.00<\/b>                                    <\/div>\n                                <\/div>\n                                                    <\/div>\n                        <div class=\"pt-footer\">\n                                                            <a href=\"\" class=\"pt-btn\"><a href=\"#DatosDeBanco\">Transferencia<\/a><\/a>\n                                                    <\/div>\n                    <\/div>\n                <\/div>\n                            <div class=\"pt-col\">\n                    <div class=\"pt-block\">\n                                                    <div class=\"pt-header\">\n                                <div class=\"pt-back\"><\/div>\n                                                                    <div class=\"pt-title\">Paquete<\/div>\n                                                                                                    <div class=\"pt-price\">\n                                        10000                                    <\/div>\n                                                            <\/div>\n                                                <div class=\"pt-list\">\n                                                            <div class=\"pt-list-item\">\n                                    <div class=\"pt-text\">\n                                        IVA Incluido                                    <\/div>\n                                    <div class=\"pt-value\">\n                                        <i class=\"fa fa-check\"><\/i>                                    <\/div>\n                                <\/div>\n                                                            <div class=\"pt-list-item\">\n                                    <div class=\"pt-text\">\n                                        Cancelaci\u00f3n                                    <\/div>\n                                    <div class=\"pt-value\">\n                                        Sin Costo                                    <\/div>\n                                <\/div>\n                                                            <div class=\"pt-list-item\">\n                                    <div class=\"pt-text\">\n                                        Vigencia                                    <\/div>\n                                    <div class=\"pt-value\">\n                                        1 a\u00f1o                                    <\/div>\n                                <\/div>\n                                                            <div class=\"pt-list-item\">\n                                    <div class=\"pt-text\">\n                                        Soporte                                    <\/div>\n                                    <div class=\"pt-value\">\n                                        24\/7                                    <\/div>\n                                <\/div>\n                                                            <div class=\"pt-list-item\">\n                                    <div class=\"pt-text\">\n                                        Precio Unitario                                    <\/div>\n                                    <div class=\"pt-value\">\n                                        1.0                                    <\/div>\n                                <\/div>\n                                                            <div class=\"pt-list-item\">\n                                    <div class=\"pt-text\">\n                                        Total                                    <\/div>\n                                    <div class=\"pt-value\">\n                                        $ <b>11,600.00<\/b>                                    <\/div>\n                                <\/div>\n                                                    <\/div>\n                        <div class=\"pt-footer\">\n                                                            <a href=\"\" class=\"pt-btn\"><a href=\"#DatosDeBanco\">Transferencia<\/a><\/a>\n                                                    <\/div>\n                    <\/div>\n                <\/div>\n                    <\/div>\n    <\/div>\n<\/div>                <\/div>\n<div class=\"pt-content-loader-bar\"><\/div>\n<p style=\"text-align: center;\">Si desea adquirir un Paquete mas grande de los que mostramos aqu\u00ed, podemos mejorarle el Precio, contacte con nosotros directamente para una cotizaci\u00f3n: <a href=\"https:\/\/cwinsystems.com\/inicio\/contacts\/\">Contactar<\/a><br \/><div class=\"spacer\"><\/div><!-- .spacer (end) -->\n<div class=\"spacer\"><\/div><!-- .spacer (end) -->\n<div class=\"hashAncor\" id=\"DatosDeBanco\"><\/div>\n<h3 id='forma-de-pago'  id=\"boomdevs_1\" style=\"text-align: center;\">Forma de Pago<\/h3>\n<p>\u00a0<\/p>\n<div class=\"row \">\n<div class=\"span2 \"><\/div>\n<div class=\"span8 \"><p style=\"text-align: center;\">Los \u00fanicos pagos aceptados actualmente, son por PayPal, Dep\u00f3sitos o Transferencias Electr\u00f3nicas:<\/p><\/div>\n<div class=\"span2 \"><\/div>\n<\/div><!-- .row (end) -->\n<p>\u00a0<\/p>\n<div class=\"row \">\n<div class=\"span3 \"><\/div>\n<p>\u00a0<\/p>\n<hr \/>\n<div class=\"span3 tofade hide\"><div class=\"service-box \"><figure class=\"icon\"><img decoding=\"async\" src=\"https:\/\/cwinsystems.com\/inicio\/wp-content\/themes\/theme52146\/images\/icon1.png\" alt=\"\" \/><\/figure><div class=\"service-box_body\"><h2 class=\"title\">BBVA <strong>Bancomer<\/strong><\/h2><div class=\"service-box_txt\">Cuenta: 0148095639<br \/>Clabe: <strong>012022001480956396<\/strong><br \/>Titular: Daniel Ramirez Jaime<br \/>RFC: <strong>RAJD-760129-8SA<\/strong><\/div><\/div><\/div><!-- \/Service Box --><\/div>\n<div class=\"span3 tofade hide\"><div class=\"service-box \"><figure class=\"icon\"><img decoding=\"async\" src=\"https:\/\/cwinsystems.com\/inicio\/wp-content\/themes\/theme52146\/images\/icon1.png\" alt=\"\" \/><\/figure><div class=\"service-box_body\"><h2 class=\"title\">BBVA <strong>Bancomer<\/strong><\/h2><div class=\"service-box_txt\">Cuenta: 1295895049<br \/>Clabe: <strong>012022012958950499<\/strong><br \/>Titular: Erika Perez Agudo<br \/>RFC: <strong>PEAE-820202-684<\/strong><\/div><\/div><\/div><!-- \/Service Box --><\/div>\n<div class=\"span3 tofade hide\"><\/div>\n<\/div><!-- .row (end) -->\n<p>\u00a0<\/p><\/div>\n<div class=\"span12 tofade\"><div class=\"service-box \"><figure class=\"icon\"><img decoding=\"async\" src=\"https:\/\/cwinsystems.com\/inicio\/wp-content\/themes\/theme52146\/images\/icon1.png\" alt=\"\" \/><\/figure><div class=\"service-box_body\"><h2 class=\"title\">BBVA <strong>Bancomer<\/strong><\/h2><div class=\"service-box_txt\">Cuenta: 0148095639<br \/>Clabe: <strong>012022001480956396<\/strong><br \/>Titular: Daniel Ramirez Jaime<br \/>RFC: <strong>RAJD-760129-8SA<\/strong><\/div><\/div><\/div><!-- \/Service Box --><\/div>\n<div class=\"span12 \"><p>\u00a0<\/p>\n<div class=\"row \">\n<div class=\"span2 \"><\/div>\n<div class=\"span8 \"><div class=\"left-tail\">\n<div class=\"page-bg\">\n<div id=\"main\">\n<div id=\"content\">\n<div class=\"wrapper cols\">\n<div class=\"col-2\">\n<div class=\"inner\">\n<div class=\"wrapper padding7\">\n<p class=\"padding2\" style=\"text-align: left;\">Env\u00edenos un correo electr\u00f3nico a <strong>rdaniel@mxfactura.com<\/strong> con los siguientes datos:<\/p>\n<ul>\n<li>RFC al que se le har\u00e1 el dep\u00f3sito de Timbres<\/li>\n<li>Datos Fiscales a quien se facturar\u00e1 (solo si nunca se le ha facturado)<\/li>\n<li>Copia del correo de transferencia o Copia de la Ficha de dep\u00f3sito. (si no es enviado esta informaci\u00f3n No podemos depositarle los timbres, ni generarle su Factura)<\/li>\n<\/ul>\n<\/div>\n<\/div>\n<\/div>\n<\/div>\n<\/div>\n<\/div>\n<\/div>\n<\/div><\/div>\n<div class=\"span2 \"><\/div>\n<\/div><!-- .row (end) -->\n<p>\u00a0<\/p><\/div>\n\n\n<p><\/p>\n","protected":false},"excerpt":{"rendered":"<p>\u00a0 \u00a0 \u00a0<\/p>\n","protected":false},"author":1,"featured_media":0,"parent":0,"menu_order":0,"comment_status":"closed","ping_status":"closed","template":"page-home.php","meta":{"footnotes":""},"class_list":["post-2603","page","type-page","status-publish","hentry"],"_links":{"self":[{"href":"https:\/\/cwinsystems.com\/inicio\/wp-json\/wp\/v2\/pages\/2603","targetHints":{"allow":["GET"]}}],"collection":[{"href":"https:\/\/cwinsystems.com\/inicio\/wp-json\/wp\/v2\/pages"}],"about":[{"href":"https:\/\/cwinsystems.com\/inicio\/wp-json\/wp\/v2\/types\/page"}],"author":[{"embeddable":true,"href":"https:\/\/cwinsystems.com\/inicio\/wp-json\/wp\/v2\/users\/1"}],"replies":[{"embeddable":true,"href":"https:\/\/cwinsystems.com\/inicio\/wp-json\/wp\/v2\/comments?post=2603"}],"version-history":[{"count":32,"href":"https:\/\/cwinsystems.com\/inicio\/wp-json\/wp\/v2\/pages\/2603\/revisions"}],"predecessor-version":[{"id":3419,"href":"https:\/\/cwinsystems.com\/inicio\/wp-json\/wp\/v2\/pages\/2603\/revisions\/3419"}],"wp:attachment":[{"href":"https:\/\/cwinsystems.com\/inicio\/wp-json\/wp\/v2\/media?parent=2603"}],"curies":[{"name":"wp","href":"https:\/\/api.w.org\/{rel}","templated":true}]}}