{"id":3366,"date":"2019-08-02T12:36:08","date_gmt":"2019-08-02T19:36:08","guid":{"rendered":"https:\/\/cwinsystems.com\/inicio\/?page_id=3366"},"modified":"2019-08-02T14:10:52","modified_gmt":"2019-08-02T21:10:52","slug":"sucursales","status":"publish","type":"page","link":"https:\/\/cwinsystems.com\/inicio\/sucursales\/","title":{"rendered":"Sucursales"},"content":{"rendered":"<h3 id='dispro->-sucursales'  id=\"boomdevs_1\" style=\"text-align: center;\"><a href=\"https:\/\/cwinsystems.com\/inicio\/dispro\/\">DisPRO<\/a> &gt; Sucursales<\/h3>\n<h6 id='disponible-en-edici\u00f3n-ultimate-y-ucloud'  id=\"boomdevs_2\" style=\"text-align: center;\">Disponible en Edici\u00f3n Ultimate y UCloud<\/h6>\n<p>Este modulo permite la sincronizaci\u00f3n e intercomunicaci\u00f3n entre bases de datos centralizadas o descentralizadas, permitiendo controlar una Matriz con Sucursales manteniendo sincronizados los cat\u00e1logos de Clientes, Productos y Proveedores.<\/p>\n<div class=\"spacer\"><\/div><!-- .spacer (end) --><div class=\"span12 \"><div class=\"row \">\n<div class=\"span6 \"><p><b>CARACTER\u00cdSTICAS<\/b><strong>:<\/strong><\/p>\n<ul>\n<li>Consolidaci\u00f3n de Inventarios\n<ul>\n<li>por Existencia de Sucursales<\/li>\n<li>por Rotaci\u00f3n de Inventarios de Sucursales<\/li>\n<li>por Entradas y Salidas de Sucursales<\/li>\n<li>por Kardex de Sucursales<\/li>\n<li>por Reabastecer de Sucursales<\/li>\n<\/ul>\n<\/li>\n<li>Consolidaci\u00f3n de Ventas\n<ul>\n<li>por Series Vendidas de Sucursales<\/li>\n<li>por Categor\u00eda de Ejercicios Semanales<\/li>\n<li>por Categor\u00eda de Ejercicios Mensuales<\/li>\n<li>por Producto de Ejercicios Semanales<\/li>\n<li>por Producto de Ejercicios Mensuales<\/li>\n<li>por Cliente de Ejercicios Semanales<\/li>\n<li>por Cliente de Ejercicios Mensuales<\/li>\n<li>por Venta a Detalle de Sucursales<\/li>\n<li>por Corte de Ventas de Ejercicios\u00a0<\/li>\n<\/ul>\n<\/li>\n<li>Consolidaci\u00f3n de Compras\n<ul>\n<li>por Producto de Ejercicios Mensuales<\/li>\n<li>por Proveedor de Ejercicios Mensuales<\/li>\n<\/ul>\n<\/li>\n<li>Consolidaci\u00f3n de Saldos de Clientes por Sucursal<\/li>\n<li>Consolidaci\u00f3n de Saldos de Proveedores por Sucursal<\/li>\n<li>Traspaso de Ventas y Salidas En L\u00ednea por sistema de sucursales<\/li>\n<li>Recepci\u00f3n de traspaso entre Sucursales<\/li>\n<li>Actualizaci\u00f3n de art\u00edculos a En L\u00ednea por sistema de sucursales<\/li>\n<li>Recepci\u00f3n de Art\u00edculos actualizados<\/li>\n<li>Traspaso de Entradas y Salidas a Disco En L\u00ednea por sistema de sucursales<\/li>\n<li>Sincronizaci\u00f3n de Cat\u00e1logos\n<ul>\n<li>Alta y Modificaci\u00f3n de Clientes En L\u00ednea entre sucursales (Thread)<\/li>\n<li>Alta y Modificaci\u00f3n de Proveedores En L\u00ednea entre sucursales (Thread)<\/li>\n<li>Alta y Modificaci\u00f3n de Art\u00edculos En L\u00ednea entre sucursales (Thread)<\/li>\n<\/ul>\n<\/li>\n<li>Solicitud de art\u00edculos por Orden de Compra En L\u00ednea por sistema de sucursales<\/li>\n<\/ul><\/div><div class=\"span6 \"><p><img loading=\"lazy\" decoding=\"async\" class=\"size-full wp-image-3371 aligncenter\" src=\"https:\/\/cwinsystems.com\/inicio\/wp-content\/uploads\/2019\/08\/Conector.png\" alt=\"\" width=\"559\" height=\"314\" srcset=\"https:\/\/cwinsystems.com\/inicio\/wp-content\/uploads\/2019\/08\/Conector.png 559w, https:\/\/cwinsystems.com\/inicio\/wp-content\/uploads\/2019\/08\/Conector-300x169.png 300w\" sizes=\"auto, (max-width: 559px) 100vw, 559px\" \/><\/p><\/div>\n<\/div><!-- .row (end) --><\/div>\n<p>\u00a0<\/p>\n<p>\u00a0<\/p>\n<p><strong>Thread<\/strong>: Manjeo de multihilos para una conectividad r\u00e1pida, aun en ambientes con internet lento.<\/p>\n<div class=\"spacer\"><\/div><!-- .spacer (end) -->\n<p style=\"text-align: center;\">\n\t\t<!-- MasterSlider -->\n\t\t<div id=\"P_MS6a06f88cf17a9\" class=\"master-slider-parent ms-partialview-template ms-parent-id-26\" style=\"max-width:100%;\"  >\n\n\t\t\t\n\t\t\t<!-- MasterSlider Main -->\n\t\t\t<div id=\"MS6a06f88cf17a9\" class=\"master-slider ms-skin-default\" >\n\t\t\t\t \t\t\t\t \n\n\t\t\t<div  class=\"ms-slide\" data-delay=\"3\" data-fill-mode=\"fill\"   >\n\t\t\t\t\t<img decoding=\"async\" src=\"https:\/\/cwinsystems.com\/inicio\/wp-content\/plugins\/masterslider\/public\/assets\/css\/blank.gif\" alt=\"\" title=\"SucursalesMain\" data-src=\"https:\/\/cwinsystems.com\/inicio\/wp-content\/uploads\/2019\/08\/SucursalesMain.png\" \/>\n\n\t\t\t\t\t<div class=\"ms-info ms-info-empty\">&nbsp;<\/div>\n\n\n\t\t\t\t<\/div>\n\t\t\t<div  class=\"ms-slide\" data-delay=\"3\" data-fill-mode=\"fill\"   >\n\t\t\t\t\t<img decoding=\"async\" src=\"https:\/\/cwinsystems.com\/inicio\/wp-content\/plugins\/masterslider\/public\/assets\/css\/blank.gif\" alt=\"\" title=\"Consolidado Existencia\" data-src=\"https:\/\/cwinsystems.com\/inicio\/wp-content\/uploads\/2019\/08\/Consolidado-Existencia.png\" \/>\n\n\t\t\t\t\t<div class=\"ms-info ms-info-empty\">&nbsp;<\/div>\n\n\n\t\t\t\t<\/div>\n\t\t\t<div  class=\"ms-slide\" data-delay=\"3\" data-fill-mode=\"fill\"   >\n\t\t\t\t\t<img decoding=\"async\" src=\"https:\/\/cwinsystems.com\/inicio\/wp-content\/plugins\/masterslider\/public\/assets\/css\/blank.gif\" alt=\"\" title=\"Consolidado Ventas En Espera\" data-src=\"https:\/\/cwinsystems.com\/inicio\/wp-content\/uploads\/2019\/08\/Consolidado-Ventas-En-Espera.png\" \/>\n\n\t\t\t\t\t<div class=\"ms-info ms-info-empty\">&nbsp;<\/div>\n\n\n\t\t\t\t<\/div>\n\n\t\t\t<\/div>\n\t\t\t<!-- END MasterSlider Main -->\n\n\t\t\t \n\t\t<\/div>\n\t\t<!-- END MasterSlider -->\n\n\t\t<script>\n\t\t( window.MSReady = window.MSReady || [] ).push( function( $ ) {\n\n\t\t\t\"use strict\";\n\t\t\tvar masterslider_17a9 = new MasterSlider();\n\n\t\t\t\/\/ slider controls\n\t\t\tmasterslider_17a9.control('arrows'     ,{ autohide:true, overVideo:true  });\n\t\t\tmasterslider_17a9.control('circletimer',{ autohide:false, overVideo:true, color:'#FFFFFF', radius:4, stroke:9   });\n\t\t\tmasterslider_17a9.control('slideinfo'  ,{ autohide:false, overVideo:true, dir:'h', align:'bottom',inset:false , margin:10   });\n\t\t\t\/\/ slider setup\n\t\t\tmasterslider_17a9.setup(\"MS6a06f88cf17a9\", {\n\t\t\t\twidth           : 1095,\n\t\t\t\theight          : 697,\n\t\t\t\tminHeight       : 0,\n\t\t\t\tspace           : 10,\n\t\t\t\tstart           : 1,\n\t\t\t\tgrabCursor      : true,\n\t\t\t\tswipe           : true,\n\t\t\t\tmouse           : true,\n\t\t\t\tkeyboard        : false,\n\t\t\t\tlayout          : \"partialview\",\n\t\t\t\twheel           : false,\n\t\t\t\tautoplay        : false,\n                instantStartLayers:false,\n\t\t\t\tmobileBGVideo:false,\n\t\t\t\tloop            : true,\n\t\t\t\tshuffle         : false,\n\t\t\t\tpreload         : 0,\n\t\t\t\theightLimit     : true,\n\t\t\t\tautoHeight      : false,\n\t\t\t\tsmoothHeight    : true,\n\t\t\t\tendPause        : false,\n\t\t\t\toverPause       : true,\n\t\t\t\tfillMode        : \"fill\",\n\t\t\t\tcenterControls  : true,\n\t\t\t\tstartOnAppear   : false,\n\t\t\t\tlayersMode      : \"center\",\n\t\t\t\tautofillTarget  : \"\",\n\t\t\t\thideLayers      : false,\n\t\t\t\tfullscreenMargin: 0,\n\t\t\t\tspeed           : 20,\n\t\t\t\tdir             : \"h\",\n\t\t\t\tresponsive      : true,\n\t\t\t\ttabletWidth     : 768,\n\t\t\t\ttabletHeight    : null,\n\t\t\t\tphoneWidth      : 480,\n\t\t\t\tphoneHeight    : null,\n\t\t\t\tsizingReference : window,\n\t\t\t\tparallaxMode    : 'swipe',\n\t\t\t\tview            : \"partialWave\"\n\t\t\t});\n\n\t\t\t\n\t\t\twindow.masterslider_instances = window.masterslider_instances || [];\n\t\t\twindow.masterslider_instances.push( masterslider_17a9 );\n\t\t});\n\t\t<\/script>\n\n\n<p>\u00a0<\/p>\n<p>\u00a0<\/p>\n<div class=\"spacer\"><\/div><!-- .spacer (end) -->\n<p style=\"text-align: center;\">Para mayor informaci\u00f3n vea las Ediciones disponibles, <a href=\"https:\/\/cwinsystems.com\/inicio\/dispro\/dispro-ediciones\/\">Clic Aqu\u00ed<\/a><\/p>\n\n\n<p><\/p>\n","protected":false},"excerpt":{"rendered":"<p>DisPRO &gt; Sucursales Disponible en Edici\u00f3n Ultimate y UCloud Este modulo permite la sincronizaci\u00f3n e intercomunicaci\u00f3n entre bases de datos centralizadas o descentralizadas, permitiendo controlar una Matriz con Sucursales manteniendo sincronizados los cat\u00e1logos de Clientes, Productos y Proveedores. \u00a0 \u00a0 Thread: Manjeo de multihilos para una conectividad r\u00e1pida, aun en ambientes con internet lento. \u00a0 \u00a0 Para mayor informaci\u00f3n vea&nbsp;<a href=\"https:\/\/cwinsystems.com\/inicio\/sucursales\/\" class=\"read-more\">Continue Reading<\/a><\/p>\n","protected":false},"author":1,"featured_media":0,"parent":0,"menu_order":0,"comment_status":"closed","ping_status":"closed","template":"page-home.php","meta":{"footnotes":""},"class_list":["post-3366","page","type-page","status-publish","hentry"],"_links":{"self":[{"href":"https:\/\/cwinsystems.com\/inicio\/wp-json\/wp\/v2\/pages\/3366","targetHints":{"allow":["GET"]}}],"collection":[{"href":"https:\/\/cwinsystems.com\/inicio\/wp-json\/wp\/v2\/pages"}],"about":[{"href":"https:\/\/cwinsystems.com\/inicio\/wp-json\/wp\/v2\/types\/page"}],"author":[{"embeddable":true,"href":"https:\/\/cwinsystems.com\/inicio\/wp-json\/wp\/v2\/users\/1"}],"replies":[{"embeddable":true,"href":"https:\/\/cwinsystems.com\/inicio\/wp-json\/wp\/v2\/comments?post=3366"}],"version-history":[{"count":23,"href":"https:\/\/cwinsystems.com\/inicio\/wp-json\/wp\/v2\/pages\/3366\/revisions"}],"predecessor-version":[{"id":3393,"href":"https:\/\/cwinsystems.com\/inicio\/wp-json\/wp\/v2\/pages\/3366\/revisions\/3393"}],"wp:attachment":[{"href":"https:\/\/cwinsystems.com\/inicio\/wp-json\/wp\/v2\/media?parent=3366"}],"curies":[{"name":"wp","href":"https:\/\/api.w.org\/{rel}","templated":true}]}}